4. Calculate the greatest common divisor of k and 2754.
54
Let x(f) = -f**3 + 19*f**2 - 62*f + 52. Let i be x(3). Suppose 4*y + 4 = 20. Suppose 0*s + y*s - 280 = 0. Calculate the greatest common factor of s and i.
10
Let o(w) = 8*w + 18*w - 21*w + 91 + 0. Let y be o(-13). Calculate the greatest common factor of 65 and y.
13
Let c = 5 - -10. Let p = -122 - -127. What is the greatest common divisor of p and c?
5
Suppose 4*f - 257 = -q, 4*q - 302 = -178*f + 173*f. Calculate the greatest common factor of f and 1243.
11
Suppose 9*k - 15*k = -30. Suppose j + 13*n - 25 = 10*n, -3*n = -k*j + 125. Calculate the highest common factor of j and 175.
25
Let i be 384/(-112)*1435/(-15). What is the highest common factor of i and 2214?
82
Suppose 5*r = -2*y + 4*y - 1149, -y = 4*r - 542. Suppose 0 = -h - 2*g + y, 5*h + 3*g - 3454 = -658. What is the greatest common factor of 36 and h?
18
Let x(v) = -4*v + 47. Let m = -26 - 5. Let h be x(m). Calculate the highest common factor of 114 and h.
57
Let d = -5147 + 11531. What is the greatest common factor of d and 19?
19
Suppose -4*q + 268 + 164 = 0. Suppose 7*z - 17 = -3. Let v be ((z - 0) + 39 - 0) + -5. What is the highest common divisor of q and v?
36
Let j(d) = 11*d**2 + 10*d + 189. Let s be j(-9). Let y be 1/(3 + s/(-333)). Calculate the highest common divisor of y and 1073.
37
Let w = -316 - 109. Let y = w + 565. What is the greatest common divisor of y and 315?
35
Suppose -4*h = z - 970, 954 = 59*z - 58*z - 4*h. What is the greatest common factor of z and 185?
37
Let f(l) = 78*l**3 + 544*l**2 - 15*l + 3. Let w be f(-7). What is the greatest common factor of w and 13370?
10
Suppose 0 = -v + 3*s + 232, 8*s + 191 = 3*v - 511. Calculate the highest common factor of v and 3400.
50
Let v(w) = 93*w + 1537. Let l be v(-6). What is the highest common factor of 445 and l?
89
Let v be (-120)/65 + 2 + ((-9972)/(-78) - 4). Calculate the highest common factor of 4309 and v.
31
Let b = 3883 + -3882. What is the highest common factor of b and 449?
1
Suppose 2*x + 5*n = 4*x - 14, 0 = -n. Let v = -4580 + 4608. What is the greatest common factor of v and x?
7
Suppose -2*t + 8*g = 3*g + 60, 4*t - 2*g = -136. Let v(z) = 2*z**2 + 53*z + 146. Let k be v(t). Calculate the greatest common factor of 57 and k.
57
Let j = 2883 - 1967. What is the greatest common factor of 12 and j?
4
Suppose 27 = -10*d - 164 + 331. Calculate the highest common divisor of 686 and d.
14
Suppose 13*g - 516 = 1395. Calculate the greatest common divisor of g and 392.
49
Let b be 2 + 4/(-10)*-655. What is the highest common divisor of 4048 and b?
88
Suppose 0*f - 2*f = -10. Suppose 3*o + 5 = -2*o, -f*k + 12 = -2*o. Suppose 0*b = -k*b + 8. Calculate the greatest common divisor of 4 and b.
4
Suppose -2*g = -2*h - h + 10, -g - 2 = 0. Let n be (3 - h) + 23 - -2. Suppose 9*b + 26 = 11*b. What is the highest common factor of n and b?
13
Let z(y) = 390*y + 7812. Let n be z(-20). Calculate the highest common factor of n and 8592.
12
Let h(j) = -27*j + 193. Let i(l) = 15*l - 97. Let v(u) = 3*h(u) + 5*i(u). Let n be v(15). Calculate the greatest common divisor of 6 and n.
2
Let u(c) = -7*c + 45. Let x(n) = -6*n + 44. Let s(k) = -2*u(k) + 3*x(k). Let h be s(12). Let g = 24 - h. What is the highest common factor of g and 5?
5
Suppose 0 = 3*z - 2*h - 6, -4*z - 9*h + 8 = -8*h. Let t be ((-21)/24*z)/((-2)/8). Let j be (-4)/18 + 11/9. What is the highest common factor of t and j?
1
Suppose -4*d = -4, -3*k + d - 2*d = -211. Let i be k + 0/6 + -4. What is the greatest common divisor of 726 and i?
66
Suppose -215 = -5*c - 5*l, -l + 93 = -5*c + 332. Suppose 13*g = 2353 + 1924. What is the greatest common factor of c and g?
47
Suppose 0 = -11*d + 5984 - 1903. Suppose 21*g = 22*g + d. Let k = 533 + g. What is the greatest common factor of 18 and k?
18
Suppose -4*a = -t - 6616, -2*a - t + 26 = -3276. What is the greatest common factor of a and 57?
57
Let m = -23278 - -24020. What is the highest common divisor of 56 and m?
14
Let m(c) = 2*c**2 - 8 - 3*c + 13 + 3. Let r be m(4). Let x = 137 + r. Calculate the highest common divisor of x and 15.
15
Let j = -327 + 361. What is the greatest common divisor of 16762 and j?
34
Suppose 13927 = 4*x + c - 13706, -5*x + 34529 = 3*c. What is the greatest common divisor of 50 and x?
10
Let n be -1 + 4*10/8. Suppose g + 5*t - 296 = 0, -304 = -n*g + 4*t + 832. What is the highest common factor of 66 and g?
22
Let s = 847 + 14645. What is the highest common divisor of 12 and s?
12
Let r(c) = 31*c - 202. Suppose 30 = 23*i - 21*i - 3*m, m = -5*i + 58. Let k be r(i). What is the highest common factor of 102 and k?
34
Suppose 20*b - 2420 = 3080. Suppose -10*s = -15*s + b. What is the highest common factor of 33 and s?
11
Suppose -48*p + 47*p = -60. Suppose 0 = 18*w - 14*w. Suppose -2*x + w*x = -8, 2*x = f + 2. What is the highest common factor of p and f?
6
Let i = 299 - 153. Suppose -i = -5*x + 4*z, -29 = -2*x - 3*z + 34. Calculate the greatest common divisor of x and 60.
30
Suppose -11*k + 172 = -15*k. Let q be (-7)/(-28) - 113/4. Let b = q - k. What is the highest common divisor of 75 and b?
15
Let g = 3024 + -2895. What is the highest common divisor of 43 and g?
43
Suppose 3*x + 2*t - t = 0, 0 = 2*x - 4*t. Suppose 25*n - 24*n - 170 = x. Calculate the highest common divisor of 272 and n.
34
Suppose -4 = -t, 5*l - t - 604 - 932 = 0. Let q(x) = 9*x**2 - 82*x + 141. Let m be q(9). Calculate the highest common factor of l and m.
44
Let m be -15*12*1351/(-140). Calculate the greatest common factor of m and 162.
9
Let u(t) = -5*t**2 - 33*t + 7. Let m be u(-6). Calculate the highest common divisor of m and 2575.
25
Suppose 3*p - 195 = 941*q - 943*q, 0 = 3*q - 9. Suppose 3*d - 43 = -4*f, -2*d + f - 6*f = -17. What is the highest common divisor of p and d?
21
Suppose -3*n + 45 = 4*i, 164*i - 5*n + 7 = 165*i. What is the highest common divisor of 344 and i?
4
Let r be -42*(1443/182)/(-37). What is the highest common factor of 78 and r?
3
Let g be 5745/(-4)*((-345)/45 + 5). Calculate the greatest common divisor of g and 20.
10
Let d = -94 + 175. Suppose 0 = -9*x + 81 + d. Calculate the greatest common divisor of x and 30.
6
Let q = -17179 + 17491. What is the highest common factor of q and 10218?
78
Let x = 8 - 4. Suppose 4*m - 193 = -p, -3*p = 2*p - x*m - 917. Suppose -5*t = -5*v - 420, 5*t - v = p + 219. Calculate the highest common factor of 10 and t.
10
Let j(r) = -r + 5. Let g be j(1). Suppose 20*a - g*a = 64. Calculate the greatest common factor of a and 74.
2
Let h be 33/(9/(-15) - 216/(-60)). Calculate the greatest common divisor of 913 and h.
11
Let i be (-2 - (-2)/4)*(-360)/12. Let n be 10 + (12/4 - (-2 - -1)). Suppose -8*b - n = -86. What is the highest common divisor of i and b?
9
Let b(u) be the first derivative of -u**4/4 - 16*u**3/3 - 15*u**2 + 2*u - 26. Let y be b(-14). Let v = 48 - y. Calculate the highest common divisor of v and 72.
18
Suppose n - 216 = -n. Suppose -2*x + n = -3*z, 0 = -5*x + 2*x - 3*z + 132. Calculate the highest common divisor of 216 and x.
24
Suppose -5*p + 20 = 0, -u + 4*u - 2*p = 16. Let x be 21 + (-5 - -3)/1. Suppose o - x = 53. What is the greatest common divisor of u and o?
8
Suppose -141*p + 161*p = 880. Let y = 20 - 12. Let v be (-4)/(-16) + 526/y. What is the highest common divisor of v and p?
22
Let g be -34 + -2 - (-5 + 0/(-1)). Let z = 6 - g. Calculate the highest common factor of 296 and z.
37
Suppose 0 = -3*g + 35*m - 33*m + 2238, 5*m - 3007 = -4*g. Calculate the greatest common factor of g and 476.
68
Let h be (12/8)/((-4)/(-8)). Let f be h*-1 + -7 + 20 + -5. Let d(l) = l**2 + 3*l + 3. Let y be d(-2). What is the highest common factor of y and f?
1
Let l = 9988 + -9757. What is the highest common factor of 1375 and l?
11
Let t(h) = -4*h**3 + 31*h - 22. Let d be t(4). Suppose -2*r + 1130 = 3*r. Let q = d + r. Calculate the highest common divisor of q and 54.
18
Let v(r) = 2*r + 24. Let z be (-1183)/28 - 2/(-8). Let p = z + 42. Let l be v(p). Calculate the greatest common divisor of 72 and l.
24
Let u be 14/4*(-66)/(-77). Suppose 4*h + 3*w = 789, -u*h + 4*h - 197 = -w. What is the highest common divisor of h and 18?
18
Suppose 65*g = 67*g - 40. Suppose 0 = -4*z - b + 20, -2*z - 3*b + g = -5*b. Calculate t